1
What is the tens digit of 17861?
6
What is the units digit of 46226?
6
What is the ten thousands digit of 10222?
1
What is the tens digit of 20892?
9
What is the tens digit of 1525?
2
What is the hundreds digit of 495?
4
What is the ten thousands digit of 25245?
2
What is the thousands digit of 95068?
5
What is the units digit of 756?
6
What is the hundreds digit of 1185?
1
What is the hundreds digit of 1339?
3
What is the hundreds digit of 3491?
4
What is the thousands digit of 14417?
4
What is the tens digit of 427?
2
What is the units digit of 472?
2
What is the ten thousands digit of 11023?
1
What is the thousands digit of 9412?
9
What is the hundreds digit of 26859?
8
What is the tens digit of 30048?
4
What is the units digit of 1216?
6
What is the hundreds digit of 28993?
9
What is the thousands digit of 1554?
1
What is the thousands digit of 17521?
7
What is the hundreds digit of 617?
6
What is the units digit of 373?
3
What is the tens digit of 553?
5
What is the thousands digit of 2923?
2
What is the tens digit of 136268?
6
What is the thousands digit of 75560?
5
What is the units digit of 71132?
2
What is the hundreds digit of 1062?
0
What is the tens digit of 1434?
3
What is the hundreds digit of 960?
9
What is the units digit of 2238?
8
What is the hundreds digit of 629?
6
What is the thousands digit of 2714?
2
What is the tens digit of 15727?
2
What is the tens digit of 67?
6
What is the tens digit of 17256?
5
What is the units digit of 8867?
7
What is the units digit of 270?
0
What is the thousands digit of 41884?
1
What is the thousands digit of 51725?
1
What is the hundreds digit of 3639?
6
What is the units digit of 23582?
2
What is the thousands digit of 2009?
2
What is the units digit of 884?
4
What is the thousands digit of 5849?
5
What is the hundreds digit of 53328?
3
What is the units digit of 339?
9
What is the hundreds digit of 1076?
0
What is the tens digit of 567?
6
What is the tens digit of 276?
7
What is the hundreds digit of 7011?
0
What is the ten thousands digit of 54758?
5
What is the thousands digit of 3099?
3
What is the units digit of 13245?
5
What is the units digit of 11435?
5
What is the tens digit of 239?
3
What is the units digit of 13955?
5
What is the thousands digit of 1667?
1
What is the hundreds digit of 6899?
8
What is the hundreds digit of 4030?
0
What is the thousands digit of 14890?
4
What is the thousands digit of 1117?
1
What is the tens digit of 2120?
2
What is the thousands digit of 9418?
9
What is the hundreds digit of 3331?
3
What is the ten thousands digit of 96836?
9
What is the units digit of 954?
4
What is the ten thousands digit of 19766?
1
What is the hundred thousands digit of 113846?
1
What is the units digit of 59138?
8
What is the thousands digit of 1047?
1
What is the units digit of 551?
1
What is the tens digit of 2814?
1
What is the hundreds digit of 1855?
8
What is the thousands digit of 2362?
2
What is the units digit of 2198?
8
What is the units digit of 4145?
5
What is the ten thousands digit of 13910?
1
What is the units digit of 5744?
4
What is the tens digit of 132253?
5
What is the ten thousands digit of 63422?
6
What is the tens digit of 88?
8
What is the units digit of 432?
2
What is the tens digit of 30025?
2
What is the hundreds digit of 6285?
2
What is the ten thousands digit of 16673?
1
What is the ten thousands digit of 56917?
5
What is the tens digit of 9319?
1
What is the units digit of 2265?
5
What is the units digit of 60844?
4
What is the tens digit of 3780?
8
What is the thousands digit of 2857?
2
What is the ten thousands digit of 32028?
3
What is the hundreds digit of 115?
1
What is the units digit of 2408?
8
What is the hundreds digit of 5449?
4
What is the tens digit of 72307?
0
What is the hundreds digit of 19575?
5
What is the hundreds digit of 22351?
3
What is the thousands digit of 5545?
5
What is the tens digit of 313?
1
What is the thousands digit of 37443?
7
What is the tens digit of 4800?
0
What is the ten thousands digit of 31259?
3
What is the ten thousands digit of 26396?
2
What is the tens digit of 166153?
5
What is the units digit of 1247?
7
What is the tens digit of 121481?
8
What is the tens digit of 69442?
4
What is the hundreds digit of 2051?
0
What is the hundreds digit of 40661?
6
What is the ten thousands digit of 13823?
1
What is the units digit of 1098?
8
What is the tens digit of 779?
7
What is the units digit of 79271?
1
What is the tens digit of 2454?
5
What is the thousands digit of 19445?
9
What is the thousands digit of 46788?
6
What is the thousands digit of 1103?
1
What is the tens digit of 22226?
2
What is the units digit of 884?
4
What is the thousands digit of 106294?
6
What is the units digit of 574?
4
What is the hundreds digit of 1534?
5
What is the units digit of 48023?
3
What is the units digit of 27485?
5
What is the units digit of 126189?
9
What is the hundreds digit of 744?
7
What is the thousands digit of 35368?
5
What is the ten thousands digit of 70697?
7
What is the tens digit of 742?
4
What is the thousands digit of 15758?
5
What is the hundreds digit of 46027?
0
What is the thousands digit of 114508?
4
What is the hundreds digit of 947?
9
What is the hundreds digit of 2020?
0
What is the thousands digit of 5147?
5
What is the hundreds digit of 56309?
3
What is the tens digit of 7734?
3
What is the ten thousands digit of 16487?
1
What is the tens digit of 160596?
9
What is the hundreds digit of 29976?
9
What is the tens digit of 66331?
3
What is the units digit of 1912?
2
What is the tens digit of 548?
4
What is the thousands digit of 22315?
2
What is the tens digit of 5449?
4
What is the thousands digit of 101556?
1
What is the tens digit of 531?
3
What is the units digit of 842?
2
What is the hundreds digit of 662?
6
What is the tens digit of 1552?
5
What is the units digit of 2422?
2
What is the tens digit of 2594?
9
What is the tens digit of 53562?
6
What is the hundreds digit of 111077?
0
What is the hundreds digit of 1272?
2
What is the units digit of 5998?
8
What is the units digit of 16341?
1
What is the tens digit of 108767?
6
What is the hundreds digit of 4613?
6
What is the hundreds digit of 9501?
5
What is the units digit of 420?
0
What is the units digit of 5694?
4
What is the tens digit of 2294?
9
What is the tens digit of 18654?
5
What is the tens digit of 1601?
0
What is the thousands digit of 19720?
9
What is the thousands digit of 5027?
5
What is the tens digit of 9848?
4
What is the tens digit of 37991?
9
What is the ten thousands digit of 51454?
5
What is the units digit of 331?
1
What is the hundreds digit of 1013?
0
What is the thousands digit of 1066?
1
What is the hundreds digit of 602?
6
What is the tens digit of 4885?
8
What is the ten thousands digit of 52550?
5
What is the thousands digit of 57139?
7
What is the tens digit of 3241?
4
What is the units digit of 13157?
7
What is the thousands digit of 20003?
0
What is the units digit of 1813?
3
What is the hundreds digit of 8894?
8
What is the thousands digit of 67867?
7
What is the tens digit of 51256?
5
What is the tens digit of 165?
6
What is the hundreds digit of 1814?
8
What is the tens digit of 1450?
5
What is the tens digit of 43643?
4
What is the units digit of 929?
9
What is the tens digit of 3787?
8
What is the units digit of 20734?
4
What is the hundreds digit of 3011?
0
What is the hundreds digit of 28603?
6
What is the units digit of 20370?
0
What is the thousands digit of 127973?
7
What is the ten thousands digit of 21291?
2
What is the units digit of 55083?
3
What is the thousands digit of 8060?
8
What is the ten thousands digit of 29021?
2
What is the tens digit of 51802?
0
What is the thousands digit of 157970?
7
What is the hundreds digit of 39282?
2
What is the thousands digit of 18729?
8
What is the tens digit of 16125?
2
What is the hundreds digit of 32228?
2
What is the tens digit of 5157?
5
What is the hundreds digit of 68208?
2
What is the units digit of 29168?
8
What is the units digit of 17633?
3
What is the ten thousands digit of 62049?
6
What is the thousands digit of 5224?
5
What is the hundreds digit of 10802?
8
What is the units digit of 1517?
7
What is the tens digit of 2463?
6
What is the th